058/(-633)) a composite number?
True
Suppose 0 = 4*l - 247 + 239. Suppose -37354 = -4*d + 2*g, -l*d - 5251 = -4*g - 23937. Is d a composite number?
False
Suppose 0 = 5*c - 6*v - 12243697, -6*c + 11*c = 3*v + 12243691. Is c a prime number?
True
Suppose -12*j + 5 + 55 = 0. Suppose -5*p = -4*x + 40, -3*p = p + 16. Suppose -r + 173 + 60 = -j*y, 0 = x*r - 5*y - 1105. Is r a composite number?
True
Let n be (0 - -1)*(2 + 11 - -5). Let v = n + -16. Is 1262*3/6 + -2 + v prime?
True
Let r = 1546936 - 1087157. Is r a prime number?
False
Let v(j) = 9 + 570*j**2 + 392*j**2 - 375*j**2 + 3*j. Is v(4) a composite number?
False
Is (-7343639)/1304*(-7 + -1) composite?
False
Let l(q) = -q**2 + 11*q + 6. Let w be l(6). Let t = -711 + 710. Let n = w + t. Is n a prime number?
False
Let c(h) be the second derivative of 61*h**4/12 + 6*h**2 - 29*h. Let p be 20/10*(-3)/(12/(-10)). Is c(p) prime?
False
Suppose -4*g = 3*p - 49286, p - 49290 = -16*g + 12*g. Is g a composite number?
False
Let u(i) = i**3 + i**2 + i. Let c(s) = -6*s**2 - 11*s + 26. Let n(d) = -c(d) - u(d). Let g be n(6). Is (5414/(-2))/((g - 2)/4) composite?
False
Let u = -35211 + 210528. Is u a prime number?
False
Let s(o) be the third derivative of 169*o**5/15 - 7*o**4/24 + o**3/2 + o**2 - 3*o. Is s(8) composite?
True
Let i(m) be the third derivative of -m**5/60 + 17*m**4/8 - 43*m**3/6 + 38*m**2. Is i(17) a prime number?
False
Let s = -14977 - -66164. Is s a prime number?
False
Is 1684159/436 + -3*1/4 prime?
False
Is (-1 - 0 - -13398)/(-3*16/(-48)) prime?
True
Let t(p) = -613*p + 36. Let u be t(3). Let j = u - -5066. Is j a composite number?
True
Suppose 2120 = 12*u - 6496. Is u/2 + (-120)/20 composite?
False
Suppose 2*j = 7*j + 15, 5*q - 32 = 4*j. Let z(w) = -w**3 + 5*w**2 - w - 9. Let s be z(q). Suppose 0 = -s*i - 2*m - 0*m + 1341, -i + 460 = 5*m. Is i prime?
False
Let p = 7309 + 7818. Is p a prime number?
False
Let o(n) = 2*n + 29. Let c be o(-13). Suppose 15*f = 16*f - c. Suppose 0 = f*b - 182 - 289. Is b prime?
True
Suppose -15*k = -55*k + 6582760. Is k composite?
False
Is (-22)/(-2) + 44142 + -10 a prime number?
False
Is (26573 + 0)/((-52)/(-1508)) prime?
False
Let h be (4/(-2))/(2/(-350)). Suppose 49*j - 16*j = 66. Suppose -344 = -a + v, -3*a + j*a + h = v. Is a a composite number?
False
Let c = -359483 - -673074. Is c prime?
False
Let r be (-40)/5 + 6 - -16. Suppose -33590 = -r*b + 4*b. Is b prime?
True
Let p(s) = 217*s**2 + 6*s - 3. Let h(w) = w**3 + 14. Let r be h(0). Suppose -m - 3*m + 4*j = -4, -5*m - 4*j + r = 0. Is p(m) a prime number?
True
Let b be (-2)/((-32)/(-20) - 2). Suppose o + 524 = l - 368, 0 = o + b. Is l prime?
True
Let t = -17 + 26. Let n(m) = -3*m + t - 3 - 2. Is n(-5) prime?
True
Is 10/35 + (-1334810)/(-70) a prime number?
True
Let a be 9 - ((0 - -2) + 2). Suppose a = -3*q - 1. Is 5 + -8 - (q - 588) a prime number?
True
Let y(h) = -h**2 + 22*h + 4. Let b be y(22). Let i(s) = 0 + 17 + 4*s**2 - b. Is i(-6) a prime number?
True
Let v = 178 - 176. Is (318 + -1)/((-9 + 11)/v) a composite number?
False
Let c(z) = 3*z - 31. Let w be c(15). Let y be 18/4 - (-7)/w. Suppose 94 = y*v - 1151. Is v prime?
False
Suppose 0 = 4*x - 2*r + 266, 2 - 5 = -r. Let c be (-36)/(-10) - 26/x. Suppose -l + 5*k = -176, l + 480 = c*l + k. Is l a composite number?
True
Let c be (42/(-35))/(9/(-59160)). Suppose 0*h + 3*h = -4*w + 5885, -4*h + c = -5*w. Is h prime?
False
Let c(i) = -4066*i**3 - 12*i**2 - 30*i - 3. Is c(-4) composite?
True
Let q be 6/(-21) - (-2754)/(-14). Let x(z) = -39*z. Let s be x(2). Let r = s - q. Is r a composite number?
True
Let r(y) = 12*y - 173. Let z be r(16). Is z/(76/(-948))*-1*1 a composite number?
True
Let q be ((-230)/(-45) - 5) + (-3385527)/(-27). Is (q/(-15))/((-4)/6) a composite number?
False
Suppose 7 = 5*o - 3. Is 0 + o/9 + (-6335)/(-45) prime?
False
Let z be 8/(-36) - (-29)/9. Suppose -z*b + 4*b + 2*d - 1980 = 0, 2*b = 5*d + 3969. Suppose -4*h - 4*u + 178 = -b, -5*u + 536 = h. Is h composite?
False
Let k be 64/(-8)*(-13)/(-4). Let x be 10/3 - k/39. Suppose o - 3*y - 627 = 0, y = 3*y - x. Is o composite?
True
Is (-4)/(-9) - 189872/288*-1622 composite?
False
Suppose 5*u - 5*p = 96471 + 10924, -p = 0. Is u a composite number?
True
Suppose -c - 11 = 5*s, s - c = -2*s - 5. Let x(i) = -532*i + 1. Let k(y) = -533*y - 2. Let r(z) = -2*k(z) + 3*x(z). Is r(s) a composite number?
True
Let p be (-4 + 3)/1*(0 - 5). Suppose -5*d - b + 12945 = 0, -12*b - 12945 = -p*d - 8*b. Is d a composite number?
True
Let g = -3391 + 10205. Is g composite?
True
Suppose 24*t = 5391927 + 11933889. Is t composite?
False
Let d(u) = -3*u**2 + 32*u - 24. Let l be d(10). Let t(z) = 925*z**2 - 3. Is t(l) composite?
False
Let m(o) = o. Let p be (-2 + -3 + -2)*-1. Let v be m(p). Is 10211/v + 6/21 prime?
True
Is (-12*36/(-80) - 5) + (-1693149)/(-15) prime?
True
Suppose 42*o - 47*o + 11385 = 0. Suppose -542 = b - o. Is b a prime number?
False
Let q = 798 - 2607. Let j = 1130 - q. Is j composite?
False
Let b be (1 + 0)*2 + 3 + 89761. Suppose 54*f - 35892 = b. Is f composite?
True
Is (-51)/(-102) + -2 + 63363/6 a prime number?
True
Let j = 165 + -170. Is (-3*28383/18)/(j/10) composite?
False
Let m(x) = -1093*x - 1027. Is m(-42) composite?
False
Let x(p) = p**2 + 5*p - 11. Let v be x(-7). Suppose 45 = 6*f + v*f. Suppose -s + 5 = 0, 0*c - 3540 = -5*c + f*s. Is c prime?
False
Let r(z) = -2*z**3 + 34*z**2 + 133*z - 4. Is r(-15) a composite number?
False
Suppose 2*r = 4*u + 12564, 5*u + 0*u = 5. Suppose -3*m = -r + 491. Is m a prime number?
True
Let k(c) = 2026*c**3 + 8*c**2 - 29*c + 4. Is k(5) composite?
True
Let l be 4/14*(13/2 + -3). Let v be (10 - -3)*33 + l. Suppose 5*t = o - 442, -o - t = -2*t - v. Is o a composite number?
True
Suppose -2*a - 4*t + 53732 = -4*a, 0 = -a - 4*t - 26854. Let w = 37799 + a. Is w a composite number?
False
Suppose 78*f - 76 = 59*f. Suppose -m + 9155 + 10130 = 2*y, -f*m + 77135 = 3*y. Is m a prime number?
False
Let k = 3129 + -2135. Suppose 92*i = 94*i - k. Is i composite?
True
Let s(q) = q**2 - 3*q - 7. Let k be s(-3). Let z be ((-281)/3)/(k/(-198)). Suppose p + 2513 = 3*d, 2*d - z = -0*d - 2*p. Is d a composite number?
False
Let d = -12783 + 27430. Is d a prime number?
False
Let v = 12070 - -4502. Suppose 3*u - 4*q - 11825 = 4752, 3*u - 3*q = v. Is u a composite number?
False
Let o(i) = 9076*i - 707. Is o(27) composite?
True
Suppose -3*k = -8*k + 20. Let b be (k + -4)/(-1) + 5. Suppose 0 = f + f + 6, 3751 = b*r - 2*f. Is r a composite number?
True
Let n = -865 + 861. Let b(c) = c**2 + 4*c + 2. Let k be b(-3). Is n + (-207)/k - 4 a prime number?
True
Suppose 41*p = 2147440 - 520601. Is p composite?
False
Let h(v) = 151127*v - 17748. Is h(7) prime?
True
Let l(f) = -1311*f + 3. Let z(o) = 2621*o - 6. Suppose 3*y = -30 + 36. Let m(a) = y*z(a) + 5*l(a). Is m(-4) composite?
True
Suppose 4*f - 12*f - 38812117 = -49*f. Is f prime?
False
Suppose -741*u + 739*u = -12. Suppose 3*j - 15*f = -u*f + 27981, 18654 = 2*j + 5*f. Is j a prime number?
False
Suppose 2*a + 322646 = 2*q, -a + 161319 = 21*q - 20*q. Is q prime?
False
Let j(t) = -3*t + 70. Let u be j(19). Is (1012 - u) + (0/(-2) - -4) a composite number?
True
Let l(z) = 2203*z**2 - 1160*z - 61. Is l(-12) prime?
False
Let j(p) = p**3 + 122*p**2 + 21*p - 1127. Is j(-114) a prime number?
True
Is -1*(-1114831 + 7) + 2 + 3 prime?
True
Suppose 0 = -2*z - 2*h - h + 2201, 0 = -3*z - h + 3305. Suppose 2*w - z = -11*n + 8*n, 5*w = 4*n + 2778. Is w composite?
True
Let a = -140041 - -199482. Is a a composite number?
False
Is (-5 + (13 - 6))/((-2)/(-59783)) composite?
True
Let a = 73 - 41. Suppose 4*q + 8 = a. Suppose 5257 = q*p + p. Is p prime?
True
Let c = 101830 - -168889. Is c prime?
True
Let l(t) be the second derivative of -193*t**3/3 + 221*t**2/2 + t + 42. Is l(-33) prime?
True
Let z = 21886 + -6048. Is (-3)/4 + (-1)/((-8)/z) prime?
True
Is 6/123 + (-325108836)/(-164) a composite number?
False
Let h(p) = -18*p - 10919. Let t be h(0). Let l = t + 18040. Is l a composite number?
False
Let h(n) be the second derivative of 3*n**6/40 + n**5/20 - 5*n**4/12 - 5*n**3/2 + 10*n. Let s(k) be the second derivative of h(k). Is s(3) composite?
False
Suppose -117*x + 118*x - 7 = 0. Let w(i) = 8*i**2 + 3*i + 18. Is w(x) a composite number?
False
Suppose 5*n = -r